?
4297
Suppose 5*o - 3*b + 127 = b, 4*b - 73 = 3*o. Let s = o + 70. Suppose -214 = -4*p - 2*d + 4*d, p - 4*d - s = 0. What are the prime factors of p?
5, 11
Let i = 9 + -12. Let k(u) = -u**3 + 8*u**2 - 2*u - 5. Let y(p) = -p**3 + 7*p**2 - p - 5. Let x(m) = i*k(m) + 4*y(m). What are the prime factors of x(4)?
3
Let h = -94 - -564. Suppose 5*r - f - h = -171, 5*f = -20. What are the prime factors of r?
59
Let t(m) be the third derivative of m**5 + m**4/6 + m**3/6 - 8*m**2. List the prime factors of t(-2).
233
Let s = -13 + 25. List the prime factors of 930/s*(-54)/(-15).
3, 31
Suppose -84 = u - 64. List the prime factors of 1 - u/(-25) - (-536)/20.
3
Let c(x) = 11*x**2 + 12*x + 2. List the prime factors of c(6).
2, 5, 47
Let s be ((-2)/(-4))/(1/120). Suppose 25 = 21*y - 101. Suppose 2*f - y*f = -s. What are the prime factors of f?
3, 5
Let i be ((-15)/6 - -3)*236. Let d = i + -17. List the prime factors of d.
101
Let j be ((-3)/(-2))/((-6)/(-20)). Suppose 0 = -u + 4, -j*z - 2*u + 226 = -27. List the prime factors of z.
7
Suppose 6*q - 11 = -4*i + q, -7 = -3*i - 5*q. Suppose -2*g + 140 = c, 6*g - i*g = -2*c + 280. What are the prime factors of c?
2, 5, 7
Let o be -3 + (-100)/(-12) + (-4)/(-6). Let i be 86/(-10) - (-2)/(-5). Let j = o - i. List the prime factors of j.
3, 5
Let t be (57/2 - 3)/((-6)/8). Let p = t - -156. What are the prime factors of p?
2, 61
Suppose 62 = -6*d + 2600. What are the prime factors of d?
3, 47
Suppose -3*z + 1926 = t, -z - 4*t + 226 = -427. What are the prime factors of z?
641
Let n = 7278 - 4682. List the prime factors of n.
2, 11, 59
Suppose 2*v - b - 6 = 0, 0*v + 3*v - b - 9 = 0. Let q be 4*1*23/(-92). List the prime factors of (q - 1)*(v + -4).
2
Let y(v) = v**3 + 8*v**2 - 9*v - 8. Let p be (-21)/12*4/(3/3). List the prime factors of y(p).
2, 13
Suppose 22456 = -2*w + 16*w. List the prime factors of w.
2, 401
Let j be ((-7)/((-14)/(-12)))/(3/4). Let t = j + 98. What are the prime factors of t?
2, 3, 5
Let r(l) be the third derivative of l**6/120 + 3*l**5/20 - 5*l**4/24 - 7*l**3/3 - 7*l**2. List the prime factors of r(-7).
7, 17
Suppose 3505*r - 3503*r - 11824 = 0. List the prime factors of r.
2, 739
What are the prime factors of (-10)/20 + (-1078)/(-4)?
269
Let n(y) = 1 + 3 + 1 + 52*y. List the prime factors of n(2).
109
Let o(p) be the first derivative of p**3/3 + 3*p**2 + 5*p + 9. What are the prime factors of o(-16)?
3, 5, 11
Let r = -838 + 3052. What are the prime factors of r?
2, 3, 41
Suppose -3*l = 20 - 20. Suppose o - 184 = -c, 5*c + l*c = -o + 184. What are the prime factors of o?
2, 23
Let m(z) = -z**3 + 34*z**2 - 6*z + 53. List the prime factors of m(25).
2, 691
Let u(i) = -3*i + 5*i + 2*i**2 - i**2 - i**3 - 2 - 4*i**2. Let k be u(-4). Let a = k + 28. List the prime factors of a.
2, 17
Let k(t) = 298*t**3 - 3*t**2 + 7*t - 12. List the prime factors of k(2).
2, 1187
Let d = 319 - 19. List the prime factors of d.
2, 3, 5
Let c = 32 + -14. Suppose -m = -f, 2*f + 3*m - c = -f. List the prime factors of 9 - 0/(f/3).
3
Let t(l) = -29*l + 13. Let b be t(-6). Suppose 0 = -2*c + b + 103. Suppose 15 = 5*x - c. What are the prime factors of x?
2
Let c(x) = 97*x**3 + 2*x**2 + x - 2. Let f be c(1). What are the prime factors of (f/(-4))/(5/(-10))?
7
Let i(d) = -16*d + 1. What are the prime factors of i(-12)?
193
Let u(z) = -z**2 + 12*z + 35. Let x be u(15). Let r = x + 112. List the prime factors of r.
2, 3, 17
Let g = -1154 - -5402. List the prime factors of g.
2, 3, 59
Suppose 0 = -6*j - 132 + 672. What are the prime factors of j?
2, 3, 5
Let u(a) be the second derivative of -a**4/12 - 2*a**3 - 17*a**2/2 - 14*a. What are the prime factors of u(-8)?
3, 5
Let s(q) = 2 + 9 + 14*q + 14*q**2 + 7*q**3 - 2*q**3 - 4*q**3. Let c be s(-13). List the prime factors of (2 - c/(-4))*16.
2, 3
Let p(v) = 67*v**2 + 5*v + 5. Let y(z) = z**3 - 5*z**2 + 5*z - 27. Let q be y(5). List the prime factors of p(q).
263
Let u = 3518 + -2363. List the prime factors of u.
3, 5, 7, 11
Suppose -5*j = -5*o - 5, -2*o + j = 2*o - 5. Let p(c) = -16 - 11*c + c**3 - 2*c**3 - 6*c**2 + c + o. What are the prime factors of p(-6)?
2, 23
What are the prime factors of 1 - (-75)/(-65) - 13892/(-52)?
3, 89
Suppose 11*c - 10688 = 17307. What are the prime factors of c?
5, 509
Let n = 724 + -366. Let b = -231 + n. Suppose -2*k + x - 6*x = -b, -168 = -3*k - 3*x. List the prime factors of k.
3, 17
Let s(f) be the second derivative of f**4/12 - 2*f**3 + 3*f**2 - 7*f. Let y be s(12). Let a = 24 - y. What are the prime factors of a?
2, 3
Suppose 0 = -j + 4*u + 1359, -3*u = -8*j + 11*j - 4152. List the prime factors of j.
7, 197
Let n(m) = -m**2 - 82*m + 2746. List the prime factors of n(0).
2, 1373
Let j(v) = v**2 - 3*v - 6. Let i(b) = -b + 1. Let y(d) = -4*i(d) + j(d). Let c be y(-7). Let m = -12 + c. What are the prime factors of m?
2, 5
Let w(m) = 4*m**2 - 5*m**2 - 94*m + 39*m + 20 + 43*m. List the prime factors of w(-9).
47
Let q be (-1)/(6/12) - (0 + -2). Suppose q = -z - 2*z + 168. What are the prime factors of z?
2, 7
Let a(r) = -r**2 - 20*r - 12. Let k be a(-17). Let o = 56 + k. What are the prime factors of o?
5, 19
Let o = -399 + 781. List the prime factors of o.
2, 191
Suppose -5*v = -3*r + 7, -5*v = -3*r - 2*r + 15. List the prime factors of ((-2)/r)/(28792/(-4112) + 7).
257
Suppose 2*p = -6*s + 2*s + 8, 5*s + 2*p - 11 = 0. Let z(i) = -138*i**2 - s - 2*i**3 + 135*i**2 + 3. List the prime factors of z(-2).
2
Let k(d) = 14*d**2 - 13*d + 45. List the prime factors of k(-8).
5, 11, 19
Suppose 25 + 269 = 6*c. Suppose 0 = -2*n + y + 94, -2*n + 21 = 5*y - c. List the prime factors of n.
3, 5
Let f(x) = -2*x + 24. Let t be f(13). Suppose 6 = 2*j - j. What are the prime factors of j/(-8)*(t - 22)?
2, 3
Suppose -5 - 15 = -2*r - 3*w, 3*w + 4 = 4*r. Suppose -r*h + 64 = -5*y, -2*y + 40 + 31 = 3*h. List the prime factors of h.
3, 7
Suppose 4*k = -3*f - 130, 10*f - 5*f - 4*k + 174 = 0. List the prime factors of (f/8*2 + -2)*-6.
3, 23
Let a be (-1)/(12/88)*(-9)/6. Suppose 9*n = a*n - 158. List the prime factors of n.
79
List the prime factors of (2 + 2989/(-2))*(-120)/150.
2, 3, 199
Suppose 3*l - 5510 = -2*l - 3*u, 3292 = 3*l - u. What are the prime factors of l?
7, 157
Let b(q) = q**2 - 2*q + 13. Let k be b(11). Suppose 3*v - v - 5*j = 68, -4*v = -4*j - k. List the prime factors of v.
2, 3
Let k be -10*4*4/8. Let u = 19 + k. What are the prime factors of -2 + u/(1/(-18))?
2
Let y(j) = -3*j - 67. Let k(w) = w + 1. Let f(r) = -4*k(r) - y(r). Let z be f(0). Let h = 115 - z. List the prime factors of h.
2, 13
Let z = -92 - -163. Suppose -z - 13 = -6*x. What are the prime factors of x?
2, 7
Let m(u) = -12*u**3 + 3*u**2 - 2*u - 6. Let z be m(3). Let y = z + 434. List the prime factors of y.
5
Let z(j) = 9*j**2 + 6. Let i(v) = -v**2 - v. Let b(n) = 3*i(n) + z(n). List the prime factors of b(-4).
2, 3, 19
Suppose -3*t + 4*f + 2793 = -2209, -1679 = -t - f. What are the prime factors of t?
2, 3, 31
Let l be 675/6*4/5. Suppose h = 4*h - 9. Suppose 2*f + h*f + l = 3*d, -f = -d + 28. List the prime factors of d.
5
Let i be (1 - 2)/(1/(-2)). Suppose -4 = -r - i*n, 2*r + 0*n + 1 = -n. What are the prime factors of 5 + (-1 + r - -2)?
2
Let k(t) = -191*t + 3. Suppose -50*j + 48*j - 2 = 0. What are the prime factors of k(j)?
2, 97
Let y(s) = 2*s**2 - 8*s + 1241. List the prime factors of y(0).
17, 73
Let c be (7/21)/(2/(-6)). List the prime factors of (4/8)/(c/(-2))*270.
2, 3, 5
Let y = 16 - 16. Suppose -4*g + 288 = -y*g. What are the prime factors of g?
2, 3
Let o(z) = 2*z**2 + 24*z + 37. What are the prime factors of o(15)?
7, 11
Let z(j) be the third derivative of -j**4/12 + 19*j**3/6 + 7*j**2. Let s be z(8). Suppose 4*r - s*r = 46. List the prime factors of r.
2, 23
Suppose -11*r - 2*r = -11739. What are the prime factors of r?
3, 7, 43
Let s(h) = h**2 + h + 10. Let g = 57 - 31. Suppose a = -5*p - 34, a = p + 6*a + g. What are the prime factors of s(p)?
2, 5
Let r(j) = -178*j - 40. List the prime factors of r(-6).
2, 257
Suppose -2*i = 2*a - 0*i - 206, 5*i = 2*a - 206. Suppose 5*x - 150 = -s, 4*s - a = -4*x + 465. List the prime factors of s.
2, 5, 7
Let p be (4/(-20)*0)/(-2 - -4). Suppose -3*r + 558 = v, r + v - 97 - 89 = p. List the prime factors of r.
2, 3, 31
Let f(r) = -16